  {"id":148021,"date":"2018-04-13T09:24:10","date_gmt":"2018-04-13T13:24:10","guid":{"rendered":"https:\/\/www.un.org\/pga\/72\/?post_type=tribe_events&#038;p=148021"},"modified":"2018-04-13T09:24:10","modified_gmt":"2018-04-13T13:24:10","slug":"daily-agenda-13-april-2018","status":"publish","type":"tribe_events","link":"https:\/\/www.un.org\/pga\/72\/event-latest\/daily-agenda-13-april-2018\/","title":{"rendered":"Daily Agenda &#8211; 13 April 2018"},"content":{"rendered":"<p>[et_pb_section bb_built=&#8221;1&#8243;][et_pb_row][et_pb_column type=&#8221;4_4&#8243;][et_pb_text _builder_version=&#8221;3.0.87&#8243; background_layout=&#8221;light&#8221;]<\/p>\n<table class=\"table\" style=\"height: 580px\" width=\"777\">\n<thead class=\"thead-inverse\">\n<tr>\n<th>TIME<\/th>\n<th>ACTIVITY<\/th>\n<\/tr>\n<\/thead>\n<tbody>\n<tr>\n<td class=\"time\" scope=\"row\">08:15AM<\/td>\n<td>Morning Dialogue<\/td>\n<\/tr>\n<tr>\n<td class=\"time\" scope=\"row\">10:00AM<\/td>\n<td>Meeting with H.E. Mr.\u00a0Mohamed Fathi Ahmed Edrees, Permanent Representative of Egypt to the 爆料网 and chair of the Group of 77 and China<\/td>\n<\/tr>\n<tr>\n<td class=\"time\" scope=\"row\">11:00AM<\/td>\n<td>Meeting with the co-facilitators for a global compact for safe, regular and orderly migration,\u00a0H.E. Mr. Juan Jos\u00e9 Ignacio G\u00f3mez Camacho, Permanent Representative of Mexico to the 爆料网, and H.E. Mr. J\u00fcrg Lauber, Permanent Representative of Switzerland to the 爆料网<\/td>\n<\/tr>\n<tr>\n<td class=\"time\" scope=\"row\">11:30AM<\/td>\n<td>Memorial Service for Winnie Mandela<\/td>\n<\/tr>\n<tr>\n<td class=\"time\" scope=\"row\">01:00PM<\/td>\n<td>Meeting with H.E. Ms.\u00a0Mary Elizabeth Flores Flake, Permanent Representative of Honduras to the 爆料网<\/td>\n<\/tr>\n<tr>\n<td class=\"time\" scope=\"row\">02:30PM<\/td>\n<td>Meeting with H.E. Mr. Diego Morej\u00f3n Pazmi\u00f1o, Permanent Representative of Ecuador to the 爆料网<\/td>\n<\/tr>\n<tr>\n<td class=\"time\" scope=\"row\">03:00PM<\/td>\n<td>Commemoration of the International Day of Reflection on the Genocide against the Tutsi in Rwanda<\/td>\n<\/tr>\n<\/tbody>\n<\/table>\n<p>[\/et_pb_text][\/et_pb_column][\/et_pb_row][\/et_pb_section]<\/p>\n","protected":false},"excerpt":{"rendered":"<p>Daily Agenda &#8211; 13 April 2018<\/p>\n","protected":false},"author":202,"featured_media":0,"template":"","meta":{"_et_pb_use_builder":"on","_et_pb_old_content":"","_et_gb_content_width":"","_tribe_events_status":"","_tribe_events_status_reason":"","footnotes":"","_links_to":"","_links_to_target":""},"tags":[],"tribe_events_cat":[387,383],"class_list":["post-148021","tribe_events","type-tribe_events","status-publish","hentry","tribe_events_cat-calendar","tribe_events_cat-daily-calendar","cat_calendar","cat_daily-calendar"],"yoast_head":"<!-- This site is optimized with the Yoast SEO plugin v28.3 - https:\/\/yoast.com\/product\/yoast-seo-wordpress\/ -->\n<title>Daily Agenda - 13 April 2018 - General Assembly of the United Nations<\/title>\n<meta name=\"robots\" content=\"index, follow, max-snippet:-1, max-image-preview:large, max-video-preview:-1\" \/>\n<link rel=\"canonical\" href=\"https:\/\/www.un.org\/pga\/72\/event-latest\/daily-agenda-13-april-2018\/\" \/>\n<meta property=\"og:locale\" content=\"en_US\" \/>\n<meta property=\"og:type\" content=\"article\" \/>\n<meta property=\"og:title\" content=\"Daily Agenda - 13 April 2018 - General Assembly of the United Nations\" \/>\n<meta property=\"og:description\" content=\"Daily Agenda - 13 April 2018\" \/>\n<meta property=\"og:url\" content=\"https:\/\/www.un.org\/pga\/72\/event-latest\/daily-agenda-13-april-2018\/\" \/>\n<meta property=\"og:site_name\" content=\"General Assembly of the United Nations\" \/>\n<meta name=\"twitter:card\" content=\"summary_large_image\" \/>\n<meta name=\"twitter:label1\" content=\"Est. reading time\" \/>\n\t<meta name=\"twitter:data1\" content=\"1 minute\" \/>\n<script type=\"application\/ld+json\" class=\"yoast-schema-graph\">{\"@context\":\"https:\\\/\\\/schema.org\",\"@graph\":[{\"@type\":\"WebPage\",\"@id\":\"https:\\\/\\\/www.un.org\\\/pga\\\/72\\\/event-latest\\\/daily-agenda-13-april-2018\\\/\",\"url\":\"https:\\\/\\\/www.un.org\\\/pga\\\/72\\\/event-latest\\\/daily-agenda-13-april-2018\\\/\",\"name\":\"Daily Agenda - 13 April 2018 - General Assembly of the United Nations\",\"isPartOf\":{\"@id\":\"https:\\\/\\\/www.un.org\\\/pga\\\/72\\\/#website\"},\"datePublished\":\"2018-04-13T13:24:10+00:00\",\"breadcrumb\":{\"@id\":\"https:\\\/\\\/www.un.org\\\/pga\\\/72\\\/event-latest\\\/daily-agenda-13-april-2018\\\/#breadcrumb\"},\"inLanguage\":\"en-US\",\"potentialAction\":[{\"@type\":\"ReadAction\",\"target\":[\"https:\\\/\\\/www.un.org\\\/pga\\\/72\\\/event-latest\\\/daily-agenda-13-april-2018\\\/\"]}]},{\"@type\":\"BreadcrumbList\",\"@id\":\"https:\\\/\\\/www.un.org\\\/pga\\\/72\\\/event-latest\\\/daily-agenda-13-april-2018\\\/#breadcrumb\",\"itemListElement\":[{\"@type\":\"ListItem\",\"position\":1,\"name\":\"Home\",\"item\":\"https:\\\/\\\/www.un.org\\\/pga\\\/72\\\/\"},{\"@type\":\"ListItem\",\"position\":2,\"name\":\"\u00c9v\u00e8nements\",\"item\":\"https:\\\/\\\/www.un.org\\\/pga\\\/72\\\/fr\\\/events-latest\\\/\"},{\"@type\":\"ListItem\",\"position\":3,\"name\":\"Daily Agenda &#8211; 13 April 2018\"}]},{\"@type\":\"WebSite\",\"@id\":\"https:\\\/\\\/www.un.org\\\/pga\\\/72\\\/#website\",\"url\":\"https:\\\/\\\/www.un.org\\\/pga\\\/72\\\/\",\"name\":\"General Assembly of the United Nations\",\"description\":\"President of the 72nd Session\",\"potentialAction\":[{\"@type\":\"SearchAction\",\"target\":{\"@type\":\"EntryPoint\",\"urlTemplate\":\"https:\\\/\\\/www.un.org\\\/pga\\\/72\\\/?s={search_term_string}\"},\"query-input\":{\"@type\":\"PropertyValueSpecification\",\"valueRequired\":true,\"valueName\":\"search_term_string\"}}],\"inLanguage\":\"en-US\"}]}<\/script>\n<!-- \/ Yoast SEO plugin. -->","yoast_head_json":{"title":"Daily Agenda - 13 April 2018 - General Assembly of the United Nations","robots":{"index":"index","follow":"follow","max-snippet":"max-snippet:-1","max-image-preview":"max-image-preview:large","max-video-preview":"max-video-preview:-1"},"canonical":"https:\/\/www.un.org\/pga\/72\/event-latest\/daily-agenda-13-april-2018\/","og_locale":"en_US","og_type":"article","og_title":"Daily Agenda - 13 April 2018 - General Assembly of the United Nations","og_description":"Daily Agenda - 13 April 2018","og_url":"https:\/\/www.un.org\/pga\/72\/event-latest\/daily-agenda-13-april-2018\/","og_site_name":"General Assembly of the United Nations","twitter_card":"summary_large_image","twitter_misc":{"Est. reading time":"1 minute"},"schema":{"@context":"https:\/\/schema.org","@graph":[{"@type":"WebPage","@id":"https:\/\/www.un.org\/pga\/72\/event-latest\/daily-agenda-13-april-2018\/","url":"https:\/\/www.un.org\/pga\/72\/event-latest\/daily-agenda-13-april-2018\/","name":"Daily Agenda - 13 April 2018 - General Assembly of the United Nations","isPartOf":{"@id":"https:\/\/www.un.org\/pga\/72\/#website"},"datePublished":"2018-04-13T13:24:10+00:00","breadcrumb":{"@id":"https:\/\/www.un.org\/pga\/72\/event-latest\/daily-agenda-13-april-2018\/#breadcrumb"},"inLanguage":"en-US","potentialAction":[{"@type":"ReadAction","target":["https:\/\/www.un.org\/pga\/72\/event-latest\/daily-agenda-13-april-2018\/"]}]},{"@type":"BreadcrumbList","@id":"https:\/\/www.un.org\/pga\/72\/event-latest\/daily-agenda-13-april-2018\/#breadcrumb","itemListElement":[{"@type":"ListItem","position":1,"name":"Home","item":"https:\/\/www.un.org\/pga\/72\/"},{"@type":"ListItem","position":2,"name":"\u00c9v\u00e8nements","item":"https:\/\/www.un.org\/pga\/72\/fr\/events-latest\/"},{"@type":"ListItem","position":3,"name":"Daily Agenda &#8211; 13 April 2018"}]},{"@type":"WebSite","@id":"https:\/\/www.un.org\/pga\/72\/#website","url":"https:\/\/www.un.org\/pga\/72\/","name":"General Assembly of the United Nations","description":"President of the 72nd Session","potentialAction":[{"@type":"SearchAction","target":{"@type":"EntryPoint","urlTemplate":"https:\/\/www.un.org\/pga\/72\/?s={search_term_string}"},"query-input":{"@type":"PropertyValueSpecification","valueRequired":true,"valueName":"search_term_string"}}],"inLanguage":"en-US"}]}},"_links":{"self":[{"href":"https:\/\/www.un.org\/pga\/72\/wp-json\/wp\/v2\/tribe_events\/148021","targetHints":{"allow":["GET"]}}],"collection":[{"href":"https:\/\/www.un.org\/pga\/72\/wp-json\/wp\/v2\/tribe_events"}],"about":[{"href":"https:\/\/www.un.org\/pga\/72\/wp-json\/wp\/v2\/types\/tribe_events"}],"author":[{"embeddable":true,"href":"https:\/\/www.un.org\/pga\/72\/wp-json\/wp\/v2\/users\/202"}],"version-history":[{"count":0,"href":"https:\/\/www.un.org\/pga\/72\/wp-json\/wp\/v2\/tribe_events\/148021\/revisions"}],"wp:attachment":[{"href":"https:\/\/www.un.org\/pga\/72\/wp-json\/wp\/v2\/media?parent=148021"}],"wp:term":[{"taxonomy":"post_tag","embeddable":true,"href":"https:\/\/www.un.org\/pga\/72\/wp-json\/wp\/v2\/tags?post=148021"},{"taxonomy":"tribe_events_cat","embeddable":true,"href":"https:\/\/www.un.org\/pga\/72\/wp-json\/wp\/v2\/tribe_events_cat?post=148021"}],"curies":[{"name":"wp","href":"https:\/\/api.w.org\/{rel}","templated":true}]}}

<p>[et_pb_section bb_built=&#8221;1&#8243;][et_pb_row][et_pb_column type=&#8221;4_4&#8243;][et_pb_text _builder_version=&#8221;3.0.87&#8243; background_layout=&#8221;light&#8221;]</p>
<table class="table" style="height: 580px" width="777">
<thead class="thead-inverse">
<tr>
<th>TIME</th>
<th>ACTIVITY</th>
</tr>
</thead>
<tbody>
<tr>
<td class="time" scope="row">08:15AM</td>
<td>Morning Dialogue</td>
</tr>
<tr>
<td class="time" scope="row">10:00AM</td>
<td>Meeting with H.E. Mr. Mohamed Fathi Ahmed Edrees, Permanent Representative of Egypt to the 爆料网 and chair of the Group of 77 and China</td>
</tr>
<tr>
<td class="time" scope="row">11:00AM</td>
<td>Meeting with the co-facilitators for a global compact for safe, regular and orderly migration, H.E. Mr. Juan José Ignacio Gómez Camacho, Permanent Representative of Mexico to the 爆料网, and H.E. Mr. Jürg Lauber, Permanent Representative of Switzerland to the 爆料网</td>
</tr>
<tr>
<td class="time" scope="row">11:30AM</td>
<td>Memorial Service for Winnie Mandela</td>
</tr>
<tr>
<td class="time" scope="row">01:00PM</td>
<td>Meeting with H.E. Ms. Mary Elizabeth Flores Flake, Permanent Representative of Honduras to the 爆料网</td>
</tr>
<tr>
<td class="time" scope="row">02:30PM</td>
<td>Meeting with H.E. Mr. Diego Morejón Pazmiño, Permanent Representative of Ecuador to the 爆料网</td>
</tr>
<tr>
<td class="time" scope="row">03:00PM</td>
<td>Commemoration of the International Day of Reflection on the Genocide against the Tutsi in Rwanda</td>
</tr>
</tbody>
</table>
<p>[/et_pb_text][/et_pb_column][/et_pb_row][/et_pb_section]</p>

<!-- This site is optimized with the Yoast SEO plugin v28.3 - https://yoast.com/product/yoast-seo-wordpress/ -->
<title>Daily Agenda - 13 April 2018 - General Assembly of the United Nations</title>
<meta name="robots" content="index, follow, max-snippet:-1, max-image-preview:large, max-video-preview:-1" />
<link rel="canonical" href="https://www.un.org/pga/72/event-latest/daily-agenda-13-april-2018/" />
<meta property="og:locale" content="en_US" />
<meta property="og:type" content="article" />
<meta property="og:title" content="Daily Agenda - 13 April 2018 - General Assembly of the United Nations" />
<meta property="og:description" content="Daily Agenda - 13 April 2018" />
<meta property="og:url" content="https://www.un.org/pga/72/event-latest/daily-agenda-13-april-2018/" />
<meta property="og:site_name" content="General Assembly of the United Nations" />
<meta name="twitter:card" content="summary_large_image" />
<meta name="twitter:label1" content="Est. reading time" />
	<meta name="twitter:data1" content="1 minute" />
<script type="application/ld+json" class="yoast-schema-graph">{"@context":"https:\/\/schema.org","@graph":[{"@type":"WebPage","@id":"https:\/\/www.un.org\/pga\/72\/event-latest\/daily-agenda-13-april-2018\/","url":"https:\/\/www.un.org\/pga\/72\/event-latest\/daily-agenda-13-april-2018\/","name":"Daily Agenda - 13 April 2018 - General Assembly of the United Nations","isPartOf":{"@id":"https:\/\/www.un.org\/pga\/72\/#website"},"datePublished":"2018-04-13T13:24:10+00:00","breadcrumb":{"@id":"https:\/\/www.un.org\/pga\/72\/event-latest\/daily-agenda-13-april-2018\/#breadcrumb"},"inLanguage":"en-US","potentialAction":[{"@type":"ReadAction","target":["https:\/\/www.un.org\/pga\/72\/event-latest\/daily-agenda-13-april-2018\/"]}]},{"@type":"BreadcrumbList","@id":"https:\/\/www.un.org\/pga\/72\/event-latest\/daily-agenda-13-april-2018\/#breadcrumb","itemListElement":[{"@type":"ListItem","position":1,"name":"Home","item":"https:\/\/www.un.org\/pga\/72\/"},{"@type":"ListItem","position":2,"name":"Évènements","item":"https:\/\/www.un.org\/pga\/72\/fr\/events-latest\/"},{"@type":"ListItem","position":3,"name":"Daily Agenda &#8211; 13 April 2018"}]},{"@type":"WebSite","@id":"https:\/\/www.un.org\/pga\/72\/#website","url":"https:\/\/www.un.org\/pga\/72\/","name":"General Assembly of the United Nations","description":"President of the 72nd Session","potentialAction":[{"@type":"SearchAction","target":{"@type":"EntryPoint","urlTemplate":"https:\/\/www.un.org\/pga\/72\/?s={search_term_string}"},"query-input":{"@type":"PropertyValueSpecification","valueRequired":true,"valueName":"search_term_string"}}],"inLanguage":"en-US"}]}</script>
<!-- / Yoast SEO plugin. -->

Évènements
